5*t(c). Calculate x(m).
-2
Let z be (1 + 3/(-2))*-2. Let f(k) = 0 + 2*k + z - 5. Suppose 5*l = -3*q + 19, 0*l - 4*q + 2 = 2*l. What is f(l)?
6
Let k(g) = -g**2 - 7*g. Let m(v) = -v**2 - 2*v. Let h be m(-2). Let a = -6 + h. Give k(a).
6
Let j = -41/184 + 8/23. Let f(a) be the third derivative of -j*a**4 - 7/6*a**3 - 1/12*a**5 + 0*a - 1/120*a**6 + 2*a**2 + 0. Determine f(-5).
8
Let j(l) be the third derivative of -l**5/20 - l**4/12 + l**3/6 - 37*l**2. Determine j(1).
-4
Let q(x) be the second derivative of x**5/20 + x**4/2 + 67*x. Determine q(-6).
0
Suppose -2*a - 1 = -m, -m + 20 = 3*m. Let q(p) be the first derivative of -4/3*p**3 + 2*p**a - 2*p + 2 - 1/4*p**4. Give q(-5).
3
Suppose -4*l = -3*b - 4 + 17, b = 5*l + 8. Let s(t) = t + b - 4 + 0*t. What is s(4)?
3
Let t(s) be the second derivative of -s**6/120 + s**5/10 + s**4/24 - 7*s**3/6 - s**2/2 - s. Let q(o) be the first derivative of t(o). Determine q(6).
-1
Suppose 2*g - 4*t = 32, 0*g + 3*t = -g - 4. Let o(b) = b + 5. Calculate o(g).
13
Let d(k) = 1. Let a(c) = c**2 - 5. Let h be (-4)/(-10) + (-96)/15. Let z(s) = h*a(s) - 30*d(s). What is z(1)?
-6
Let m(i) be the third derivative of -1/60*i**5 + 1/24*i**4 + 0*i + 2*i**2 + 0 - 1/3*i**3. Let j(g) = -g**2 + g + 1. Let f(z) = -2*j(z) + m(z). Determine f(0).
-4
Let f(c) = -4*c**3 + 2*c + 1. Let r(m) = -m**2 - 8*m - 7. Let p be r(-7). Suppose -4*s - 4 = -p*s. Give f(s).
3
Let f(n) = 4*n**2 - 7*n + 1. Let t(y) = 3*y**2 - 7*y. Let a(x) = 2*f(x) - 3*t(x). Calculate a(6).
8
Let t(r) = 4*r + 5 - 2*r - 3*r + 0. Determine t(9).
-4
Let l(c) = -2 + 0*c**3 + c**3 + 0*c**3 + 4*c**2. Let y = -5 - -2. Determine l(y).
7
Let z(n) = n**3 - 6*n**2 - 7*n + 3. Suppose -14 = -2*u - 0*u. Give z(u).
3
Let k(f) = -5 + 16*f - 2*f - 2*f - 11*f. Give k(7).
2
Let y be 18/27 + 26/6. Let d(f) = f**2 - 4*f - 7. What is d(y)?
-2
Suppose 0 = -4*p - 24 - 0. Let c(r) = -r**2 - 4*r + 8. Determine c(p).
-4
Suppose -4 = -d - 2. Let q(p) = -d + p + 4*p - p**2 - 2 + p**3 - 4*p**2. Determine q(3).
-7
Let h(p) be the first derivative of p**4/4 + 3*p**3 + 3*p**2 - 10*p - 6. Let v be h(-8). Let t(d) = -d**3 + 5*d**2 + 6*d + 2. Calculate t(v).
2
Suppose 2*p - 2*z + 4*z - 2 = 0, 4*z = 2*p + 4. Let r(w) = w + 13. Give r(p).
13
Suppose -s + 5*s + 26 = 3*o, 2*o - 4*s = 24. Suppose g = o*i - 8, 7*i - 14 = 2*i + g. Let k(l) = -3*l + 2. What is k(i)?
-4
Suppose h + 4*h + 25 = 0, 2*f - 8 = 2*h. Let v(p) = -13*p**3 + 3*p - 2. Let d = 2 - -3. Let x(a) = -6*a**3 + a - 1. Let c(o) = d*x(o) - 2*v(o). Give c(f).
4
Suppose -33 = -4*l - 17. Let x be (-8)/(-2) - (2 - 1). Let v(g) = -l - 2*g + 3 - g**x + g. Calculate v(-2).
9
Let z(o) be the first derivative of -o**4/12 + o**3/3 - 3*o + 2. Let g(j) be the first derivative of z(j). Determine g(4).
-8
Suppose 9*x - 6*x - 9 = 0. Let m(n) = 3*n + 1. Determine m(x).
10
Let c(v) = -v**2 - v + 7. Let u(r) = -2 - 3 - 6 - 2*r + 3. Let x be u(-4). Calculate c(x).
7
Let s(d) = d + 14. Let w(l) = 5*l + 71. Let n(q) = -11*s(q) + 2*w(q). Let v be 21 - 12/(-8)*-2. Let f = -24 + v. Give n(f).
-6
Let u(n) = 2*n**2 - 2. Suppose -4*c - 3 = -4*t + 1, -c = t - 3. Give u(t).
6
Suppose 0 = -2*t - 4*j - 4, 0 = -t + j - 0 + 4. Let x(g) = -2*g**2 + 2 + 4*g**2 + g**3 + t. Suppose 5*f + 12 = f. What is x(f)?
-5
Let h(q) = q. Suppose -u = 2, -2*u - 3*u = -4*y + 34. Calculate h(y).
6
Let o(j) be the third derivative of j**4/24 - 4*j**3/3 + 41*j**2. Suppose 6 = -3*t + 27. Determine o(t).
-1
Let i(u) = -3*u**3 - 8*u**2 - u. Let g(p) = -8*p**3 - 23*p**2 - 4*p - 1. Let t(f) = 4*g(f) - 11*i(f). Calculate t(5).
-4
Let k(a) = -2*a - 3. Let o(s) = -5*s - 7. Let n(r) = -8*k(r) + 3*o(r). What is n(8)?
11
Suppose 3*c + 2*c = -5. Suppose -n = m - 2*n - 5, -5*m - 5*n = 5. Let v(z) = -135*z - 55. Let p(a) = -5*a - 2. Let l(k) = m*v(k) - 55*p(k). Determine l(c).
-5
Let l(q) = -q**2 + q + 2. Let n(y) = -1. Let o(a) = -l(a) - 3*n(a). Determine o(4).
13
Let r(l) = -26*l**3 - 21*l**2 - 5*l. Let z(w) = 5*w**3 + 4*w**2 + w. Let h(c) = 2*r(c) + 11*z(c). Let p(d) = d**2 + 18*d - 1. Let a be p(-18). What is h(a)?
-2
Suppose 4*m = n - 21 + 1, 0 = -5*n + 4*m + 20. Let f(z) = -z**2 + 6 - 6 + 3*z + z**3 + 6 - 2*z. Determine f(n).
6
Let f(p) = p. Let h(y) = -5*y - 1. Let c(u) = 6*f(u) + h(u). Suppose 100 = -5*v + 2*z + 3*z, -4*z = 3*v + 67. Let i be (v/(-14))/(1/4). Determine c(i).
5
Let n(r) = 2*r - 12. Let p(v) = v - 6. Let o(t) = -2*n(t) + 5*p(t). Determine o(3).
-3
Let m = -9 - -4. Let u(d) = -d**2 - d + 1. Let r(f) = -f**3 - 9*f**2 - 9*f - 4. Let l(i) = r(i) - 3*u(i). Give l(m).
-2
Let j(b) = b**3 - 4*b**2 - 3*b + 3. Let l(g) = g**3 + 8*g**2 - 9*g - 13. Let c be l(-9). Let s = c - -18. Give j(s).
13
Let n(a) = -2*a + 2. Let w(h) = h**2 - 16*h + 42. Let j be w(13). Suppose -2*g + 5 = -5*y - 2, -2*y + 2 = 4*g. Let x = j - y. What is n(x)?
-6
Let z(d) = -3*d + 7. Let v(k) = -k + 1. Let p(s) = 2*v(s) - z(s). Let h(l) = -l**3 - 6*l**2 - 2*l - 7. Let c be h(-6). Give p(c).
0
Suppose -35 + 7 = 4*g + r, -3*g - 26 = 2*r. Let i(a) = -a - 7. Give i(g).
-1
Suppose -36 = -0*q - 9*q. Let o(a) = a**3 - 3*a**2 - 6*a + 5. What is o(q)?
-3
Let h(s) = -2*s - 5. Suppose 0 = -2*l + 3*l - 10. Suppose 3*p + 3*c = -6, -5*p - 4*c - l = 3. What is h(p)?
5
Let u(k) = 7*k**2 - 7. Let s(m) = -20*m**2 + 20. Let x(w) = 6*s(w) + 17*u(w). Let n = 2 - 3. Let a be 6/3*n/2. Calculate x(a).
0
Let u = -10 + 9. Let x(n) = n**2 - n + 1. Let a(j) = 2*j**2 - 8*j + 9. Let v(s) = u*x(s) + a(s). Determine v(6).
2
Let y(z) = -z**3 - 7*z**2 - 8*z - 5. Let s be (-106)/(-10) - (-6)/15. Let m be (-10 + s)*(0 - 6). Determine y(m).
7
Let v = -5 + 7. Let k(n) = 1 + 4*n**2 - 5*n**v - 1 + n**3. Give k(2).
4
Let b(t) be the third derivative of t**6/120 - t**5/12 - t**4/12 + 5*t**3/6 - t**2. Suppose -y + 6*y = 0, 4*p - 5*y - 20 = 0. Determine b(p).
-5
Let r(v) = 0*v**2 - 60 - v**2 + 62 + 6*v. Calculate r(5).
7
Let p(f) = -f**2 + f + 5. Let g be p(4). Let h(q) = -q - 5. What is h(g)?
2
Let x = 40 - 29. Let i(l) = 4*l - 10 + l - 4*l. Let w be i(x). Let h(u) = 2*u**2 + u. What is h(w)?
3
Let v(u) = -u. Let x(z) be the third derivative of z**6/120 + z**5/60 - z**4/6 - z**3/3 - 4*z**2. Let w(d) = -2*v(d) + x(d). Determine w(-2).
-2
Let v(l) = -l - 3. Let u(y) = y + 2. Let i(j) = -3*u(j) - 4*v(j). Let a(m) = 4*m**2 + 1. Suppose 0 = -0*c + c - 1. Let z be a(c). Calculate i(z).
11
Let a(w) = -10*w**2 - 3*w - 19. Let i(f) = -3*f**2 - f - 6. Suppose 5*p + 2 = -8. Let s(x) = p*a(x) + 7*i(x). Let n = -11 - -11. Calculate s(n).
-4
Let l(j) be the first derivative of j**4/4 - 5*j**3/3 - 5*j**2/2 - 4*j - 53. Give l(6).
2
Let m = 2 + -1. Let a = 6 - m. Suppose 24 = -a*t + 4. Let k(d) = d**3 + 6*d**2 + 5*d - 4. Give k(t).
8
Let x(f) = -f**3 - f**2 - f + 1. Let u be x(-2). Let y(t) = t**3 - 7*t**2 - t + 7. Give y(u).
0
Let o(a) = -2*a - 3. Let b be (-4)/(-6) + 7/3. Let k(z) = z + 3*z - b*z. Let f be k(-4). Give o(f).
5
Let k = -6 - -12. Let c(u) = u**3 - 7*u**2 + 6*u + 3. Give c(k).
3
Let l be (-1*1/(-3))/1. Let q(w) be the first derivative of 6*w + l*w**3 - 2 - 5/2*w**2. Give q(4).
2
Let m = -1 - -3. Suppose -d + 9 = -m*q, 3*d + d + 3*q = 14. Let o(j) = -1 + 27*j - 2*j**3 + j**3 + 6*j**2 - 33*j. Give o(d).
-6
Let f(t) = t + 2. Let h be f(-6). Let n(g) = -g + 1. Determine n(h).
5
Let i(k) = -k**3 + 5*k**2 + 6*k + 6. Let s be i(6). Suppose s*f - v - 11 = 2*f, -4*f + 14 = -2*v. Let q(r) = 0*r + f - 1 + 2*r + r. Determine q(3).
10
Let n = 6 + -1. Suppose y + 2 = -3*f, 0*y + 4*f + 9 = n*y. Let u(g) = -5*g**3 + 2*g**2 - g. Give u(y).
-4
Let b(q) = -q**2 + 3*q. Let u(p) = -p**2 + 4*p - 1. Let t(a) = 3*b(a) - 4*u(a). Let r(g) = -g**3 + 3*g**2 + 2. Let m be r(2). Calculate t(m).
-2
Let x(t) = -t**2 + 1. Let f(a) = -2*a + 11. Let k be f(7). Calculate x(k).
-8
Let p(t) = -t + 1. Let l(s) = 2*s + 3*s - 8*s + 5*s. Let n(h) = 4*l(h) + 6*p(h). Determine n(-4).
-2
Suppose -b + 5 = 12. Let l = b - -7. Let g(y) = -y - 18. What is g(l)?
-18
Let p(b) = b**3 - 4*b**2 - 5*b + 7. Suppose -2*f = -u + f, 10 = -5*f. Let w(a) = -a**3 - 5*a**2 + 4*a. Let v be w(u). Let n = v + -7. Determine p(n).
7
Let t be (1 - 15/3)/1. Let m = t + 6. Let w(c) = 2*c. Give w(m).
4
Let r(g) = -g**3 + 3*g**2 - 3*g - 1. Suppose -2*m + 136 = 130. Calculate r(m).
-10
Let r(o) = -6*o**3 + o**2 - o - 1. Suppose 0 = -u - 1 + 2. Su